 1065. Calculate s(-68).
23
Let x(v) = -27*v**2 - 273*v + 258. Determine x(-11).
-6
Let q(h) = 10*h + 77. Calculate q(-13).
-53
Let z(r) = -268*r + 546. What is z(2)?
10
Let l(k) = -2*k**2 - 46*k + 210. What is l(-27)?
-6
Let d(r) = -2*r**2 + 64*r - 81. Determine d(27).
189
Let f(n) = n**3 + 41*n**2 + 117*n + 49. Give f(-38).
-65
Let n(b) = -3*b**3 + 34*b**2 - 17*b + 44. Determine n(11).
-22
Let x(h) = -h**3 - 3*h**2 - 314*h - 1277. Calculate x(-4).
-5
Let h(j) = j**2 + 106*j + 10. Give h(0).
10
Let r(j) = -2*j**2 - 62*j - 1005. What is r(-21)?
-585
Let z(q) = 1539*q + 3084. Calculate z(-2).
6
Let g(w) = 5545*w + 22178. What is g(-4)?
-2
Let d(i) = i**3 + 18*i + 5. Give d(0).
5
Let m(z) = -z**2 - 3*z + 700. What is m(-28)?
0
Let o(c) = 3*c**3 + 145*c**2 + 449*c - 47. Give o(-45).
-2
Let m(p) = 3*p**3 - 19*p**2 + 6*p + 9. What is m(6)?
9
Let h(b) = 2*b**3 - 4*b - 101. Give h(0).
-101
Let m(p) = 149*p - 4184. Give m(27).
-161
Let d(l) = 2*l**3 - 164*l**2 - 1245*l + 4. What is d(-7)?
-3
Let z(m) = 106*m - 13. Give z(2).
199
Let n(y) = -41*y - 97. Calculate n(-3).
26
Let h(w) = -161*w. Determine h(0).
0
Let y(x) = -6*x**3 - 21*x**2 - 76*x + 25. Calculate y(-4).
377
Let h(f) = 289*f + 3185. Calculate h(-11).
6
Let n(y) = -y + 382. Give n(0).
382
Let z(m) = -167*m - 2012. Give z(-12).
-8
Let t(n) = 712*n + 464. What is t(1)?
1176
Let g(u) = -4*u**2 + 29*u + 30. Calculate g(12).
-198
Let i(v) = 91*v - 109. What is i(2)?
73
Let g(w) = 5*w**3 + 86*w**2 + 16*w - 26. Give g(-17).
-9
Let k(g) = -g**3 + 59*g**2 + 61*g - 14. Give k(60).
46
Let s(j) = -j**3 + 34*j**2 - 123*j + 109. What is s(30)?
19
Let k(s) = -3*s**2 - 379*s - 2624. Calculate k(-119).
-6
Let s(f) = 2*f**2 + 94*f - 1420. Calculate s(-59).
-4
Let j(r) = 41*r + 40. Determine j(1).
81
Let c(f) = -f**3 + 68*f**2 - 178*f - 1068. Calculate c(65).
37
Let r(h) = -h**3 - 11*h**2 + 13*h + 12. Give r(-12).
0
Let m(r) = -51*r + 19. Give m(2).
-83
Let y(i) = -i**2 + 101*i - 577. Give y(95).
-7
Let j(q) = 5*q**2 - 7*q - 11. Determine j(-5).
149
Let d(f) = 5*f**3 - 12*f**2 - 26*f + 12. Determine d(-4).
-396
Let y(x) = 2*x**3 + 6*x**2 + 24*x + 8. Give y(-4).
-120
Let u(x) = -221*x + 639. Determine u(5).
-466
Let y(c) = -c**3 + 25*c**2 - 38*c + 338. Calculate y(24).
2
Let c(l) = -459*l - 2271. Calculate c(-5).
24
Let l(u) = 1880*u - 84587. Calculate l(45).
13
Let y(h) = 2*h**2 - 430*h - 857. Calculate y(-2).
11
Let o(d) = -115*d - 902. Determine o(-5).
-327
Let s(i) = -i**3 + 67*i**2 - 184*i - 56. Calculate s(64).
456
Let v(o) = -3*o**2 + 27*o - 41. Determine v(10).
-71
Let j(w) = -w**3 + 22*w**2 + 92*w - 2946. Determine j(17).
63
Let o(h) = -h**3 + 20*h**2 - 7*h - 66. Determine o(19).
162
Let l(d) = 6*d + 31. Determine l(5).
61
Let x(k) = 453*k - 18605. What is x(41)?
-32
Let t(i) = 9*i**3 - 50*i**2 + 42*i + 9. Determine t(1).
10
Let s(g) = 2*g**2 - 442*g + 18478. What is s(56)?
-2
Let o(n) = -1621*n + 9727. What is o(6)?
1
Let j(v) = 106*v**2 + 105*v + 1. Determine j(-1).
2
Let s(t) = 69*t - 1101. Determine s(16).
3
Let u(z) = -z**2 - 33*z - 137. Determine u(-4).
-21
Let a(h) = -h**3 - 37*h**2 - 70*h - 10. What is a(-35)?
-10
Let o(q) = -7*q**3 + 64*q**2 + 64*q. Give o(-1).
7
Let y(x) = 26*x**2 - 642*x + 28. What is y(25)?
228
Let o(w) = -w**3 - 4*w**2 - 7*w + 13. Determine o(-8).
325
Let m(s) = -182*s + 899. Give m(5).
-11
Let c(d) = -107*d**2 - 427*d - 9. Calculate c(-4).
-13
Let k(r) = -4*r**3 + 475*r**2 + 124*r - 597. Give k(119).
-2
Let p(y) = -602*y + 4775. Give p(8).
-41
Let c(j) = 164*j - 7871. Determine c(48).
1
Let j(a) = 5*a - 47. Calculate j(11).
8
Let r(v) = 38*v + 313. Calculate r(-6).
85
Let b(j) = j**3 + 14*j**2 - 21*j - 121. What is b(-15)?
-31
Let s(c) = c**3 + 14*c**2 + 6*c + 91. Give s(-14).
7
Let t(o) = -130*o**2 - 1818*o + 33. Calculate t(-14).
5
Let x(k) = -4*k + 70. Determine x(24).
-26
Let r(l) = -l**3 + 82*l**2 - 2*l + 161. Determine r(82).
-3
Let w(n) = -n**2 - 61*n + 401. What is w(7)?
-75
Let l(v) = v**3 - 28*v**2 + 5*v - 9. Determine l(0).
-9
Let z(l) = -11*l + 138. Calculate z(12).
6
Let x(q) = -2*q**3 + 28*q**2 + 1248*q - 22. What is x(-19)?
92
Let g(m) = -101*m - 2545. Calculate g(-25).
-20
Let p(b) = b**2 - 363*b - 2209. Give p(-6).
5
Let i(r) = -3*r**2 - 107*r - 144. Determine i(-34).
26
Let y(s) = 2*s**2 - 674*s + 16176. Calculate y(311).
4
Let d(k) = 65*k - 712. Determine d(12).
68
Let n(j) = -j - 38. Determine n(4).
-42
Let w(y) = 16*y - 5180. Determine w(324).
4
Let i(z) = 153*z - 933. Determine i(6).
-15
Let p(f) = -f**3 - 7*f**2 + 68*f + 484. Give p(-9).
34
Let v(b) = b**2 + 13*b + 46. Determine v(-8).
6
Let o(j) = 31*j - 437. Give o(8).
-189
Let t(i) = 11*i**3 + 77*i**2 + 15*i - 4. Give t(-7).
-109
Let w(k) = 3*k**3 - 13*k**2 - 12*k + 24. What is w(-2)?
-28
Let p(l) = -4*l**2 + 236*l + 14. Calculate p(59).
14
Let g(b) = -2*b**3 + 33*b**2 + 41*b - 1295. Give g(15).
-5
Let l(r) = r**3 - 21*r**2 - 39*r + 331. Determine l(22).
-43
Let f(v) = 101*v + 448. Give f(-11).
-663
Let u(b) = -2*b**3 + 24*b**2 - 15*b - 1. Calculate u(9).
350
Let h(i) = i**2 - 52*i - 487. Calculate h(-9).
62
Let g(p) = -p**3 + 40*p**2 + 18*p - 420. Determine g(40).
300
Let r(v) = -6*v**2 + 23*v + 14. Give r(4).
10
Let n(g) = -g**3 + 6*g**2 - 102*g + 648. Calculate n(6).
36
Let j(h) = h**3 + 10*h**2 - 56*h - 8. What is j(-14)?
-8
Let r(c) = -c**2 - 347*c - 3045. Give r(-9).
-3
Let a(w) = 168*w + 11254. Determine a(-67).
-2
Let n(z) = 7*z**3 - 47*z**2 - 8*z + 25. What is n(6)?
-203
Let h(n) = 2*n**2 + 10*n - 2. Calculate h(4).
70
Let m(j) = -8*j - 58. What is m(-7)?
-2
Let h(t) = -t**2 + 17*t - 4. Give h(26).
-238
Let z(y) = y**3 - 114*y**2 + y - 82. Calculate z(0).
-82
Let a(j) = j**3 + 15*j**2 - 36*j - 36. Give a(-17).
-2
Let z(y) = -y**3 + y**2 + 136*y + 534. Determine z(-6).
-30
Let h(g) = -1048*g + 1033. Calculate h(1).
-15
Let q(x) = -3*x**2 + 88*x - 102. Determine q(28).
10
Let x(v) = -2*v**2 + 189*v - 1756. Determine x(9).
-217
Let t(w) = -w**3 + 7*w**2 + 18*w - 12. Determine t(8).
68
Let o(y) = -y**2 + 47*y + 16. Determine o(47).
16
Let j(y) = -y**3 - y**2 + 3*y - 30. Calculate j(0).
-30
Let b(s) = -s**2 + 118*s - 2871. Determine b(34).
-15
Let y(n) = 6*n**2 + 8*n - 4. Calculate y(3).
74
Let f(r) = r + 69. Determine f(-50).
19
Let g(q) = -17*q - 249. Calculate g(-14).
-11
Let k(a) = -a**3 - 6*a**2 + 11*a + 3. Calculate k(-6).
-63
Let y(n) = -14*n - 59. Determine y(-17).
179
Let y(x) = x**2 + 24*x - 43. Determine y(2).
9
Let z(v) = 2*v**2 + 10*v - 123. What is z(8)?
85
Let f(u) = -29*u + 335. Give f(14).
-71
Let i(o) = 3*o**3 - 22*o**2 - 89*o + 94. Give i(10).
4
Let h(d) = d**3 - 20*d**2 + 35*d + 16. Determine h(18).
-2
Let l(q) = 21784*q - 130700. Calculate l(6).
4
Let b(h) = 7*h + 455. Give b(-57).
56
Let s(u) = -8*u**3 - 241*u**2 - 33*u - 81. What is s(-30)?
9
Let z(q) = q**2 + 195*q - 403. Calculate z(2).
-9
Let o(h) = 2*h**3 - 7*h**2 - 2*h. Determine o(6).
168
Let g(j) = 454*j + 5. What is g(1)?
459
Let i(b) = -123*b + 1611. Calculate i(13).
12
Let t(p) = -3*p**3 + 74*p**2 - 113*p - 21. Determine t(23).
25
Let a(m) = -17*m - 149. Determine a(-7).
-30
Let s(p) = 3*p**2 + 49*p + 230. Determine s(-11).
54
Let q(o) = o**3 - 7*o**2 - 2*o + 113. What is q(8)?
161
Let j(m) = -m**3 + 4*m**2 + 137*m + 15. Calculate j(14).
-27
Let c(d) = -92*d + 24. Give c(2).
-160
Let x(r) = -12*r**3 - 3*r**2 + 19*r - 29. Calculate x(2).
-99
Let d(f) = -3*f**3 + 16*f**2 + 28*f - 170. Determine d(5).
-5
Let w(s) = -3*s**2 - 5*s - 48. Determine w(-8).
-200
Let b(m) = -m**3 + 174*m**2 + 20987*m + 1274. Give b(256).
-6
Let r(z) = z**2 - 7*z + 20. What is r(8)?
28
Let l(p) = -p**2 + 145*p + 429. Determine l(-3).
-15
Let h(n) = -n**2 + 28*n - 160. What is h(19)?
11
Let o(u) = -u**3 + 184*u**2 - 350*u - 2541. Determine o(182).
7
Let a(r) = r**3 - 3*r**2 - 73*r + 271. Calculate a(4).
-5
Let x(i) = i**2 - 65*i - 356. Determine x(-7).
148
Let b(m) = -6*m**2 - 944*m + 944. Calculate b(1).
-6
Let l(d) = -29*d + 192. Give l(6).
18
Let y(f) = -118*f**2 + 6*f - 7. What is y(1)?
-119
Let n(x) = -x**2 + 359*x - 23478. Give n(86).
0
Let z(y) = y**3 + 36*y**2 - 75*y - 108. What is z(-38)?
-146
Let g(u) = -197*u - 7285. Calculate g(-37).
4
Let w(z) = z**3 - z**2 - 17*z + 2. What is w(4)?
-18
Let b(x) = 2*x**3 + 16*x**2 + 5*x 